 a factor of 45653?
False
Does 2 divide 8870?
True
Is 500508 a multiple of 36?
True
Does 65 divide 185577?
False
Is 113 a factor of 2658204?
False
Is 11250187 a multiple of 487?
True
Is 9 a factor of 179247?
False
Is 121 a factor of 203688?
False
Is 1780272 a multiple of 16?
True
Is 72179 a multiple of 67?
False
Does 476 divide 8669388?
True
Is 35 a factor of 11681102?
False
Is 631752 a multiple of 6?
True
Is 5066439 a multiple of 10?
False
Is 158009 a multiple of 10?
False
Does 47 divide 1438059?
True
Is 272329 a multiple of 161?
False
Is 8984170 a multiple of 26?
True
Is 64 a factor of 1380461?
False
Is 553392 a multiple of 162?
True
Does 2 divide 1053263?
False
Does 43 divide 14726726?
True
Is 893892 a multiple of 144?
False
Does 1245 divide 6180180?
True
Does 101 divide 30502?
True
Is 585 a factor of 150731?
False
Is 2014180 a multiple of 43?
False
Is 18 a factor of 2094480?
True
Is 38123 a multiple of 67?
True
Does 95 divide 94266?
False
Does 490 divide 1077510?
True
Is 19 a factor of 138786?
False
Does 94 divide 727069?
False
Does 245 divide 5281710?
True
Does 34 divide 163710?
True
Is 7 a factor of 443828?
True
Does 30 divide 2128950?
True
Is 2636002 a multiple of 178?
True
Does 948 divide 5014920?
True
Is 469601 a multiple of 12?
False
Is 157 a factor of 10027119?
True
Is 55180 a multiple of 89?
True
Does 18 divide 245032?
False
Is 1328 a factor of 7062304?
True
Is 8 a factor of 84648?
True
Is 31 a factor of 2083397?
False
Does 60 divide 272160?
True
Is 3653160 a multiple of 105?
True
Does 70 divide 634428?
False
Does 10 divide 538644?
False
Is 48 a factor of 16691075?
False
Is 8 a factor of 363274?
False
Is 166 a factor of 8021618?
True
Does 187 divide 35716?
False
Does 67 divide 36850?
True
Is 4 a factor of 45714?
False
Is 135 a factor of 1446284?
False
Is 85107 a multiple of 16?
False
Is 272766 a multiple of 13?
True
Is 133 a factor of 686573?
False
Is 461105 a multiple of 38?
False
Is 625 a factor of 2882500?
True
Is 167 a factor of 920337?
True
Is 2013432 a multiple of 8?
True
Is 642105 a multiple of 12?
False
Is 28 a factor of 67760?
True
Is 323893 a multiple of 124?
False
Is 6925653 a multiple of 78?
False
Does 7 divide 16931761?
True
Does 214 divide 250847?
False
Is 46090 a multiple of 11?
True
Does 62 divide 2221832?
True
Is 13 a factor of 112827?
True
Is 1677625 a multiple of 26?
False
Is 47 a factor of 629424?
True
Does 66 divide 2160236?
False
Is 467666 a multiple of 397?
True
Is 230 a factor of 156199?
False
Is 19172 a multiple of 28?
False
Is 13 a factor of 9990060?
False
Does 7 divide 237096?
False
Does 13 divide 183352?
True
Is 2075307 a multiple of 4?
False
Is 749785 a multiple of 15?
False
Does 7 divide 720512?
False
Is 5 a factor of 1154830?
True
Does 421 divide 8782481?
True
Is 33 a factor of 19536?
True
Is 60071 a multiple of 6?
False
Is 110 a factor of 132405?
False
Is 450 a factor of 2208150?
True
Does 216 divide 266932?
False
Does 11 divide 672244?
False
Does 229 divide 552806?
True
Is 50 a factor of 181150?
True
Does 8 divide 219696?
True
Is 118 a factor of 166032?
False
Is 29 a factor of 408088?
True
Does 64 divide 61888?
True
Is 20 a factor of 1510303?
False
Does 184 divide 187939?
False
Is 24 a factor of 7116240?
True
Is 207 a factor of 3353814?
True
Is 232410 a multiple of 10?
True
Is 78689 a multiple of 283?
False
Does 75 divide 575533?
False
Does 54 divide 1415438?
False
Is 1346 a factor of 6277901?
False
Is 65 a factor of 382395?
True
Is 20 a factor of 399160?
True
Is 3587776 a multiple of 33?
False
Does 349 divide 4215245?
False
Does 6 divide 238027?
False
Is 138893 a multiple of 6?
False
Is 405 a factor of 9333598?
False
Is 171300 a multiple of 300?
True
Is 95967 a multiple of 7?
False
Is 27 a factor of 43053?
False
Is 75 a factor of 3174?
False
Does 107 divide 215926?
True
Is 39 a factor of 26268591?
False
Does 11 divide 3565891?
False
Is 14 a factor of 2397600?
False
Is 198 a factor of 273042?
True
Does 1065 divide 3923402?
False
Does 11 divide 10109?
True
Does 14 divide 667422?
True
Is 245 a factor of 3467007?
False
Does 12 divide 364632?
True
Is 314 a factor of 552326?
True
Is 326303 a multiple of 37?
True
Is 2724190 a multiple of 70?
True
Does 87 divide 9749162?
False
Is 249 a factor of 2724610?
False
Is 2006 a factor of 12342918?
True
Does 2 divide 2091109?
False
Is 82537 a multiple of 128?
False
Is 17 a factor of 6756429?
True
Does 53 divide 157357?
True
Does 58 divide 7002156?
False
Does 25 divide 2119900?
True
Is 20 a factor of 4273289?
False
Does 50 divide 9370700?
True
Does 3 divide 21804?
True
Is 46649 even?
False
Does 28 divide 9628?
False
Is 5099055 a multiple of 91?
False
Does 40 divide 3122360?
True
Is 79 a factor of 6975077?
False
Is 7 a factor of 3214652?
True
Is 435172 a multiple of 32?
False
Does 103 divide 4789623?
False
Is 404 a factor of 305022?
False
Is 2288559 a multiple of 102?
False
Does 2 divide 43830?
True
Is 3178127 a multiple of 206?
False
Is 31 a factor of 256637?
False
Is 103046 a multiple of 11?
False
Is 5667037 a multiple of 7?
False
Is 9 a factor of 727775?
False
Does 28 divide 3408?
False
Does 616 divide 3537072?
True
Is 7173150 a multiple of 6?
True
Is 14 a factor of 1039898?
False
Is 22836 a multiple of 26?
False
Is 9669 a multiple of 17?
False
Is 5221089 a multiple of 141?
True
Is 5 a factor of 6802510?
True
Is 21520 a multiple of 8?
True
Is 692736 a multiple of 451?
True
Is 110 a factor of 3060860?
True
Is 19 a factor of 5265102?
False
Is 1506432 a multiple of 32?
True
Is 163142 a multiple of 9?
False
Does 37 divide 3972431?
True
Does 367 divide 2950510?
False
Is 9762192 a multiple of 48?
True
Does 18 divide 53468?
False
Does 54 divide 282150?
True
Is 2310614 a multiple of 5?
False
Is 102 a factor of 674626?
False
Is 443 a factor of 1436206?
True
Is 6 a factor of 814539?
False
Is 10454182 a multiple of 13?
False
Is 629755 a multiple of 26?
False
Does 29 divide 102808?
False
Is 9055639 a multiple of 37?
True
Is 212 a factor of 1043052?
False
Is 171 a factor of 19836?
True
Is 51 a factor of 880156?
False
Does 24 divide 56592?
True
Is 47565 a multiple of 7?
True
Is 11728120 a multiple of 404?
True
Is 1428438 a multiple of 506?
True
Is 129 a factor of 134765?
False
Is 7212480 a multiple of 80?
True
Does 35 divide 136953?
False
Is 14 a factor of 5978?
True
Is 266616 a multiple of 207?
True
Is 1598298 a multiple of 186?
True
Does 28 divide 211400?
True
Does 34 divide 53482?
True
Does 130 divide 20410?
True
Does 6 divide 13291?
False
Does 33 divide 15361645?
False
Is 432239 a multiple of 242?
False
Is 286716 a multiple of 5?
False
Is 3898768 a multiple of 16?
True
Does 22 divide 3347454?
True
Does 180 divide 374776?
False
Is 1760444 a multiple of 7?
True
Is 158 a factor of 4735576?
True
Is 10 a factor of 5792800?
True
Is 1429104 a multiple of 16?
True
Is 330078 a multiple of 203?
True
Does 834 divide 809814?
True
Is 336 a factor of 151872?
True
Is 10970 a multiple of 16?
False
Is 506085 a multiple of 3?
True
Does 433 divide 878239?
False
Is 135 a factor of 418354?
False
Is 7 a factor of 121296?
True
Is 2086665 a multiple of 833?
True
Does 714 divide 22278886?
False
Does 29 divide 413134?
True
Is 6 a factor of 371?
False
Is 148479 a multiple of 168?
False
Is 80 a factor of 357840?
True
Is 47294 a multiple of 6?
False
Is 17 a factor of 219623?
True
Does 4 divide 32135?
False
Is 72 a factor of 67248?
True
Does 8 divide 15530?
False
Is 1619602 a multiple of 111?
False
Does 109 divide 10536596?
False
Does 12 divide 62329?
False
Is 100030 a multiple of 14?
True
Is 5 a factor of 191785?
True
Is 7 a factor of 99559?
False
Is 6300 a multiple of 25?
True
Does 24 divide 435576?
True
Is 6 a factor of 14202?
True
Is 448212 a multiple of 911?
True
Is 805020 a multiple of 147?
False
Is 392 a factor of 722464?
False
Is 32824 a multiple of 14?
False
Is 13513837 a multiple of 53?
False
Does 680 divide 1228080?
True
Is 703443 a multiple of 221?
True
Does 333 divide 110556?
True
Does 479 divide 396378?
False
Is 1074390 a multiple of 9?
False
Is 223704 a multiple of 117?
True
Does 21 divide 345534?
True
Is 93363 a multiple of 25?
False
Is 8 a factor of 10778?
False
Is 1357054 a multiple of 437?
False
Is 853566 a multiple of 96?
False
Is 1461327 a multiple of 41?
False
Is 10 a factor o